{"id":166,"date":"2024-12-09T17:05:55","date_gmt":"2024-12-09T23:05:55","guid":{"rendered":"https:\/\/pierella.com\/?page_id=166"},"modified":"2026-04-23T18:27:38","modified_gmt":"2026-04-24T00:27:38","slug":"donate","status":"publish","type":"page","link":"https:\/\/pierella.com\/index.php\/donate\/","title":{"rendered":"Donate"},"content":{"rendered":"\n<p class=\"has-text-align-center has-background has-large-font-size\" style=\"background-color:#74a33e\">Donate<\/p>\n\n\n\n<p class=\"has-text-align-center font_8 wixui-rich-text__text\"><span class=\"wixui-rich-text__text\">En Jard\u00edn Ecol\u00f3gico Pierrela, trabajamos para proteger y preservar la biodiversidad&nbsp;de nuestra regi\u00f3n. Estamos comprometidos con la&nbsp;educaci\u00f3n ambiental, la&nbsp;investigaci\u00f3n cient\u00edfica&nbsp;y la protecci\u00f3n de nuestra biodiversidad. Te invitamos&nbsp;a ser parte de nuestros esfuerzos&nbsp;y contribuir a nuestros proyectos de conservaci\u00f3n.<\/span><\/p>\n\n\n\n<p class=\"has-text-align-center\">Nuestra #Biodiversidad est\u00e1 en riesgo. \ud83c\udf0d Necesitamos tu voz y tu apoyo para proteger este tesoro natural. Una peque\u00f1a acci\u00f3n hoy cambia el ma\u00f1ana. \u00bfNos ayudas a proteger nuestro hogar? \ud83d\udc99 \u00a1Dona hoy! Puedes contactarnos para nosotros es un placer saber de ustedes.<\/p>\n\n\n\n<p><img decoding=\"async\" src=\"https:\/\/static.xx.fbcdn.net\/rsrc.php\/v3\/yZ\/r\/V632KGZoHho.png\" alt=\"\" width=\"20\" height=\"20\">Horquetas de Sarapiqu\u00ed. Heredia. Costa Rica., Sarapiqu\u00ed, Costa Rica<br><img decoding=\"async\" src=\"https:\/\/static.xx.fbcdn.net\/rsrc.php\/v3\/yE\/r\/7KDVc3hw483.png\" alt=\"\" width=\"20\" height=\"20\">506-+ 8662 6957<br><img decoding=\"async\" src=\"https:\/\/static.xx.fbcdn.net\/rsrc.php\/v3\/yO\/r\/W4m-1QXtJyK.png\" alt=\"\" width=\"20\" height=\"20\"><a href=\"mailto:reservations@pierella.com\">reservations@pierella.com<\/a>, <a href=\"mailto:info@pierella.com\">info@pierella.com<\/a><br><img loading=\"lazy\" decoding=\"async\" src=\"https:\/\/static.xx.fbcdn.net\/rsrc.php\/v3\/y-\/r\/DzX7o-tOmJ6.png\" alt=\"\" width=\"20\" height=\"20\"><a href=\"http:\/\/www.pierella.com\">www.pierella.com<\/a><\/p>\n\n\n\n<figure class=\"wp-block-image is-style-rounded\"><img loading=\"lazy\" decoding=\"async\" width=\"1187\" height=\"668\" src=\"https:\/\/pierella.com\/wp-content\/uploads\/2025\/12\/maripasario-pierrella-2.jpg\" alt=\"\" class=\"wp-image-1019\" srcset=\"https:\/\/pierella.com\/wp-content\/uploads\/2025\/12\/maripasario-pierrella-2.jpg 1187w, https:\/\/pierella.com\/wp-content\/uploads\/2025\/12\/maripasario-pierrella-2-300x169.jpg 300w, https:\/\/pierella.com\/wp-content\/uploads\/2025\/12\/maripasario-pierrella-2-1024x576.jpg 1024w, https:\/\/pierella.com\/wp-content\/uploads\/2025\/12\/maripasario-pierrella-2-768x432.jpg 768w, https:\/\/pierella.com\/wp-content\/uploads\/2025\/12\/maripasario-pierrella-2-711x400.jpg 711w\" sizes=\"(max-width: 1187px) 100vw, 1187px\" \/><\/figure>\n\n\n\n<p><\/p>\n","protected":false},"excerpt":{"rendered":"<p>Donate En Jard\u00edn Ecol\u00f3gico Pierrela, trabajamos para proteger y preservar la biodiversidad&nbsp;de nuestra regi\u00f3n. Estamos comprometidos con la&nbsp;educaci\u00f3n ambiental, la&nbsp;investigaci\u00f3n cient\u00edfica&nbsp;y la protecci\u00f3n de nuestra biodiversidad. Te invitamos&nbsp;a ser parte de nuestros esfuerzos&nbsp;y contribuir a nuestros proyectos de conservaci\u00f3n. Nuestra #Biodiversidad est\u00e1 en riesgo. \ud83c\udf0d Necesitamos tu voz y tu apoyo para proteger este tesoro [&hellip;]<\/p>\n","protected":false},"author":2,"featured_media":90,"parent":0,"menu_order":6,"comment_status":"closed","ping_status":"closed","template":"","meta":{"_joinchat":[],"footnotes":""},"class_list":["post-166","page","type-page","status-publish","has-post-thumbnail","hentry"],"_links":{"self":[{"href":"https:\/\/pierella.com\/index.php\/wp-json\/wp\/v2\/pages\/166","targetHints":{"allow":["GET"]}}],"collection":[{"href":"https:\/\/pierella.com\/index.php\/wp-json\/wp\/v2\/pages"}],"about":[{"href":"https:\/\/pierella.com\/index.php\/wp-json\/wp\/v2\/types\/page"}],"author":[{"embeddable":true,"href":"https:\/\/pierella.com\/index.php\/wp-json\/wp\/v2\/users\/2"}],"replies":[{"embeddable":true,"href":"https:\/\/pierella.com\/index.php\/wp-json\/wp\/v2\/comments?post=166"}],"version-history":[{"count":10,"href":"https:\/\/pierella.com\/index.php\/wp-json\/wp\/v2\/pages\/166\/revisions"}],"predecessor-version":[{"id":1298,"href":"https:\/\/pierella.com\/index.php\/wp-json\/wp\/v2\/pages\/166\/revisions\/1298"}],"wp:featuredmedia":[{"embeddable":true,"href":"https:\/\/pierella.com\/index.php\/wp-json\/wp\/v2\/media\/90"}],"wp:attachment":[{"href":"https:\/\/pierella.com\/index.php\/wp-json\/wp\/v2\/media?parent=166"}],"curies":[{"name":"wp","href":"https:\/\/api.w.org\/{rel}","templated":true}]}}