{"id":152,"date":"2024-12-09T15:50:52","date_gmt":"2024-12-09T21:50:52","guid":{"rendered":"https:\/\/pierella.com\/?page_id=152"},"modified":"2026-02-21T17:22:09","modified_gmt":"2026-02-21T23:22:09","slug":"cacao-experience","status":"publish","type":"page","link":"https:\/\/pierella.com\/index.php\/tours\/cacao-experience\/","title":{"rendered":"Chocolate"},"content":{"rendered":"<p>Esperamos que te guste el chocolate tanto como a nosotros, porque <strong>Costa Rica es famosa por su chocolate.<\/strong> Nos encanta compartir esta pasi\u00f3n contigo. Te contaremos todo sobre el cacao y su historia. En este taller, tambi\u00e9n elaboraremos chocolate de principio a fin. En nuestro huerto cultivamos varios tipos de \u00e1rboles de cacao y usamos sus frutos para convertir los granos de cacao en chocolate natural sin aditivos. \u00bfHas probado alguna vez el chocolate puro de origen? \u00a1Te encantar\u00e1! Te recomendamos que a\u00f1adas este tour a tu experiencia en la selva tropical para descansar un poco y disfrutar del sabor de la naturaleza despu\u00e9s de una hermosa caminata.<\/p>\n<div id='gallery-1' class='gallery galleryid-152 gallery-columns-4 gallery-size-thumbnail'><figure class='gallery-item'>\n\t\t\t<div class='gallery-icon portrait'>\n\t\t\t\t<a href='https:\/\/pierella.com\/wp-content\/uploads\/2025\/12\/tours-2.jpg'><img decoding=\"async\" width=\"150\" height=\"150\" src=\"https:\/\/pierella.com\/wp-content\/uploads\/2025\/12\/tours-2-150x150.jpg\" class=\"attachment-thumbnail size-thumbnail\" alt=\"\" \/><\/a>\n\t\t\t<\/div><\/figure><figure class='gallery-item'>\n\t\t\t<div class='gallery-icon landscape'>\n\t\t\t\t<a href='https:\/\/pierella.com\/wp-content\/uploads\/2025\/02\/IMG_0989.jpeg'><img decoding=\"async\" width=\"150\" height=\"150\" src=\"https:\/\/pierella.com\/wp-content\/uploads\/2025\/02\/IMG_0989-150x150.jpeg\" class=\"attachment-thumbnail size-thumbnail\" alt=\"\" srcset=\"https:\/\/pierella.com\/wp-content\/uploads\/2025\/02\/IMG_0989-150x150.jpeg 150w, https:\/\/pierella.com\/wp-content\/uploads\/2025\/02\/IMG_0989-300x300.jpeg 300w, https:\/\/pierella.com\/wp-content\/uploads\/2025\/02\/IMG_0989-768x768.jpeg 768w, https:\/\/pierella.com\/wp-content\/uploads\/2025\/02\/IMG_0989.jpeg 1000w\" sizes=\"(max-width: 150px) 100vw, 150px\" \/><\/a>\n\t\t\t<\/div><\/figure><figure class='gallery-item'>\n\t\t\t<div class='gallery-icon landscape'>\n\t\t\t\t<a href='https:\/\/pierella.com\/wp-content\/uploads\/2025\/02\/IMG_0991.jpeg'><img decoding=\"async\" width=\"150\" height=\"150\" src=\"https:\/\/pierella.com\/wp-content\/uploads\/2025\/02\/IMG_0991-150x150.jpeg\" class=\"attachment-thumbnail size-thumbnail\" alt=\"\" srcset=\"https:\/\/pierella.com\/wp-content\/uploads\/2025\/02\/IMG_0991-150x150.jpeg 150w, https:\/\/pierella.com\/wp-content\/uploads\/2025\/02\/IMG_0991-300x300.jpeg 300w, https:\/\/pierella.com\/wp-content\/uploads\/2025\/02\/IMG_0991-768x768.jpeg 768w, https:\/\/pierella.com\/wp-content\/uploads\/2025\/02\/IMG_0991.jpeg 1000w\" sizes=\"(max-width: 150px) 100vw, 150px\" \/><\/a>\n\t\t\t<\/div><\/figure><figure class='gallery-item'>\n\t\t\t<div class='gallery-icon landscape'>\n\t\t\t\t<a href='https:\/\/pierella.com\/wp-content\/uploads\/2025\/02\/IMG_0984.jpeg'><img loading=\"lazy\" decoding=\"async\" width=\"150\" height=\"150\" src=\"https:\/\/pierella.com\/wp-content\/uploads\/2025\/02\/IMG_0984-150x150.jpeg\" class=\"attachment-thumbnail size-thumbnail\" alt=\"\" srcset=\"https:\/\/pierella.com\/wp-content\/uploads\/2025\/02\/IMG_0984-150x150.jpeg 150w, https:\/\/pierella.com\/wp-content\/uploads\/2025\/02\/IMG_0984-300x300.jpeg 300w, https:\/\/pierella.com\/wp-content\/uploads\/2025\/02\/IMG_0984-768x768.jpeg 768w, https:\/\/pierella.com\/wp-content\/uploads\/2025\/02\/IMG_0984.jpeg 1000w\" sizes=\"(max-width: 150px) 100vw, 150px\" \/><\/a>\n\t\t\t<\/div><\/figure><figure class='gallery-item'>\n\t\t\t<div class='gallery-icon landscape'>\n\t\t\t\t<a href='https:\/\/pierella.com\/wp-content\/uploads\/2025\/02\/IMG_0985.jpeg'><img loading=\"lazy\" decoding=\"async\" width=\"150\" height=\"150\" src=\"https:\/\/pierella.com\/wp-content\/uploads\/2025\/02\/IMG_0985-150x150.jpeg\" class=\"attachment-thumbnail size-thumbnail\" alt=\"\" srcset=\"https:\/\/pierella.com\/wp-content\/uploads\/2025\/02\/IMG_0985-150x150.jpeg 150w, https:\/\/pierella.com\/wp-content\/uploads\/2025\/02\/IMG_0985-300x300.jpeg 300w, https:\/\/pierella.com\/wp-content\/uploads\/2025\/02\/IMG_0985-768x768.jpeg 768w, https:\/\/pierella.com\/wp-content\/uploads\/2025\/02\/IMG_0985.jpeg 1000w\" sizes=\"(max-width: 150px) 100vw, 150px\" \/><\/a>\n\t\t\t<\/div><\/figure><figure class='gallery-item'>\n\t\t\t<div class='gallery-icon landscape'>\n\t\t\t\t<a href='https:\/\/pierella.com\/wp-content\/uploads\/2025\/02\/IMG_0986.jpeg'><img loading=\"lazy\" decoding=\"async\" width=\"150\" height=\"150\" src=\"https:\/\/pierella.com\/wp-content\/uploads\/2025\/02\/IMG_0986-150x150.jpeg\" class=\"attachment-thumbnail size-thumbnail\" alt=\"\" srcset=\"https:\/\/pierella.com\/wp-content\/uploads\/2025\/02\/IMG_0986-150x150.jpeg 150w, https:\/\/pierella.com\/wp-content\/uploads\/2025\/02\/IMG_0986-300x300.jpeg 300w, https:\/\/pierella.com\/wp-content\/uploads\/2025\/02\/IMG_0986-768x768.jpeg 768w, https:\/\/pierella.com\/wp-content\/uploads\/2025\/02\/IMG_0986.jpeg 1000w\" sizes=\"(max-width: 150px) 100vw, 150px\" \/><\/a>\n\t\t\t<\/div><\/figure><figure class='gallery-item'>\n\t\t\t<div class='gallery-icon landscape'>\n\t\t\t\t<a href='https:\/\/pierella.com\/wp-content\/uploads\/2025\/02\/IMG_0987.jpeg'><img loading=\"lazy\" decoding=\"async\" width=\"150\" height=\"150\" src=\"https:\/\/pierella.com\/wp-content\/uploads\/2025\/02\/IMG_0987-150x150.jpeg\" class=\"attachment-thumbnail size-thumbnail\" alt=\"\" srcset=\"https:\/\/pierella.com\/wp-content\/uploads\/2025\/02\/IMG_0987-150x150.jpeg 150w, https:\/\/pierella.com\/wp-content\/uploads\/2025\/02\/IMG_0987-300x300.jpeg 300w, https:\/\/pierella.com\/wp-content\/uploads\/2025\/02\/IMG_0987-768x768.jpeg 768w, https:\/\/pierella.com\/wp-content\/uploads\/2025\/02\/IMG_0987.jpeg 1000w\" sizes=\"(max-width: 150px) 100vw, 150px\" \/><\/a>\n\t\t\t<\/div><\/figure><figure class='gallery-item'>\n\t\t\t<div class='gallery-icon landscape'>\n\t\t\t\t<a href='https:\/\/pierella.com\/wp-content\/uploads\/2025\/02\/IMG_0988.jpeg'><img loading=\"lazy\" decoding=\"async\" width=\"150\" height=\"150\" src=\"https:\/\/pierella.com\/wp-content\/uploads\/2025\/02\/IMG_0988-150x150.jpeg\" class=\"attachment-thumbnail size-thumbnail\" alt=\"\" srcset=\"https:\/\/pierella.com\/wp-content\/uploads\/2025\/02\/IMG_0988-150x150.jpeg 150w, https:\/\/pierella.com\/wp-content\/uploads\/2025\/02\/IMG_0988-300x300.jpeg 300w, https:\/\/pierella.com\/wp-content\/uploads\/2025\/02\/IMG_0988-768x768.jpeg 768w, https:\/\/pierella.com\/wp-content\/uploads\/2025\/02\/IMG_0988.jpeg 1000w\" sizes=\"(max-width: 150px) 100vw, 150px\" \/><\/a>\n\t\t\t<\/div><\/figure><figure class='gallery-item'>\n\t\t\t<div class='gallery-icon portrait'>\n\t\t\t\t<a href='https:\/\/pierella.com\/wp-content\/uploads\/2025\/12\/20251212_082401.jpg'><img loading=\"lazy\" decoding=\"async\" width=\"150\" height=\"150\" src=\"https:\/\/pierella.com\/wp-content\/uploads\/2025\/12\/20251212_082401-150x150.jpg\" class=\"attachment-thumbnail size-thumbnail\" alt=\"\" \/><\/a>\n\t\t\t<\/div><\/figure><figure class='gallery-item'>\n\t\t\t<div class='gallery-icon portrait'>\n\t\t\t\t<a href='https:\/\/pierella.com\/wp-content\/uploads\/2025\/12\/20251212_082414.jpg'><img loading=\"lazy\" decoding=\"async\" width=\"150\" height=\"150\" src=\"https:\/\/pierella.com\/wp-content\/uploads\/2025\/12\/20251212_082414-150x150.jpg\" class=\"attachment-thumbnail size-thumbnail\" alt=\"\" \/><\/a>\n\t\t\t<\/div><\/figure><figure class='gallery-item'>\n\t\t\t<div class='gallery-icon portrait'>\n\t\t\t\t<a href='https:\/\/pierella.com\/wp-content\/uploads\/2025\/12\/20251212_082423.jpg'><img loading=\"lazy\" decoding=\"async\" width=\"150\" height=\"150\" src=\"https:\/\/pierella.com\/wp-content\/uploads\/2025\/12\/20251212_082423-150x150.jpg\" class=\"attachment-thumbnail size-thumbnail\" alt=\"\" \/><\/a>\n\t\t\t<\/div><\/figure><figure class='gallery-item'>\n\t\t\t<div class='gallery-icon portrait'>\n\t\t\t\t<a href='https:\/\/pierella.com\/wp-content\/uploads\/2025\/12\/jardin-ecologico-pierrela-mariposario-en-costa-rica-6.jpg'><img loading=\"lazy\" decoding=\"async\" width=\"150\" height=\"150\" src=\"https:\/\/pierella.com\/wp-content\/uploads\/2025\/12\/jardin-ecologico-pierrela-mariposario-en-costa-rica-6-150x150.jpg\" class=\"attachment-thumbnail size-thumbnail\" alt=\"\" \/><\/a>\n\t\t\t<\/div><\/figure><figure class='gallery-item'>\n\t\t\t<div class='gallery-icon portrait'>\n\t\t\t\t<a href='https:\/\/pierella.com\/wp-content\/uploads\/2025\/12\/jardin-ecologico-pierrela-mariposario-en-costa-rica-55.jpg'><img loading=\"lazy\" decoding=\"async\" width=\"150\" height=\"150\" src=\"https:\/\/pierella.com\/wp-content\/uploads\/2025\/12\/jardin-ecologico-pierrela-mariposario-en-costa-rica-55-150x150.jpg\" class=\"attachment-thumbnail size-thumbnail\" alt=\"\" \/><\/a>\n\t\t\t<\/div><\/figure><figure class='gallery-item'>\n\t\t\t<div class='gallery-icon portrait'>\n\t\t\t\t<a href='https:\/\/pierella.com\/wp-content\/uploads\/2025\/12\/jardin-ecologico-pierrela-mariposario-en-costa-rica-71.jpg'><img loading=\"lazy\" decoding=\"async\" width=\"150\" height=\"150\" src=\"https:\/\/pierella.com\/wp-content\/uploads\/2025\/12\/jardin-ecologico-pierrela-mariposario-en-costa-rica-71-150x150.jpg\" class=\"attachment-thumbnail size-thumbnail\" alt=\"\" \/><\/a>\n\t\t\t<\/div><\/figure><figure class='gallery-item'>\n\t\t\t<div class='gallery-icon portrait'>\n\t\t\t\t<a href='https:\/\/pierella.com\/wp-content\/uploads\/2025\/12\/jardin-ecologico-pierrela-mariposario-en-costa-rica-74.jpg'><img loading=\"lazy\" decoding=\"async\" width=\"150\" height=\"150\" src=\"https:\/\/pierella.com\/wp-content\/uploads\/2025\/12\/jardin-ecologico-pierrela-mariposario-en-costa-rica-74-150x150.jpg\" class=\"attachment-thumbnail size-thumbnail\" alt=\"\" \/><\/a>\n\t\t\t<\/div><\/figure><figure class='gallery-item'>\n\t\t\t<div class='gallery-icon portrait'>\n\t\t\t\t<a href='https:\/\/pierella.com\/wp-content\/uploads\/2025\/12\/jardin-ecologico-pierrela-mariposario-en-costa-rica-75.jpg'><img loading=\"lazy\" decoding=\"async\" width=\"150\" height=\"150\" src=\"https:\/\/pierella.com\/wp-content\/uploads\/2025\/12\/jardin-ecologico-pierrela-mariposario-en-costa-rica-75-150x150.jpg\" class=\"attachment-thumbnail size-thumbnail\" alt=\"\" \/><\/a>\n\t\t\t<\/div><\/figure>\n\t\t<\/div>\n\n","protected":false},"excerpt":{"rendered":"<p>Esperamos que te guste el chocolate tanto como a nosotros, porque Costa Rica es famosa por su chocolate. Nos encanta compartir esta pasi\u00f3n contigo. Te contaremos todo sobre el cacao y su historia. En este taller, tambi\u00e9n elaboraremos chocolate de principio a fin. En nuestro huerto cultivamos varios tipos de \u00e1rboles de cacao y usamos [&hellip;]<\/p>\n","protected":false},"author":2,"featured_media":48,"parent":13,"menu_order":0,"comment_status":"closed","ping_status":"closed","template":"","meta":{"_joinchat":[],"footnotes":""},"class_list":["post-152","page","type-page","status-publish","has-post-thumbnail","hentry"],"_links":{"self":[{"href":"https:\/\/pierella.com\/index.php\/wp-json\/wp\/v2\/pages\/152","targetHints":{"allow":["GET"]}}],"collection":[{"href":"https:\/\/pierella.com\/index.php\/wp-json\/wp\/v2\/pages"}],"about":[{"href":"https:\/\/pierella.com\/index.php\/wp-json\/wp\/v2\/types\/page"}],"author":[{"embeddable":true,"href":"https:\/\/pierella.com\/index.php\/wp-json\/wp\/v2\/users\/2"}],"replies":[{"embeddable":true,"href":"https:\/\/pierella.com\/index.php\/wp-json\/wp\/v2\/comments?post=152"}],"version-history":[{"count":5,"href":"https:\/\/pierella.com\/index.php\/wp-json\/wp\/v2\/pages\/152\/revisions"}],"predecessor-version":[{"id":1151,"href":"https:\/\/pierella.com\/index.php\/wp-json\/wp\/v2\/pages\/152\/revisions\/1151"}],"up":[{"embeddable":true,"href":"https:\/\/pierella.com\/index.php\/wp-json\/wp\/v2\/pages\/13"}],"wp:featuredmedia":[{"embeddable":true,"href":"https:\/\/pierella.com\/index.php\/wp-json\/wp\/v2\/media\/48"}],"wp:attachment":[{"href":"https:\/\/pierella.com\/index.php\/wp-json\/wp\/v2\/media?parent=152"}],"curies":[{"name":"wp","href":"https:\/\/api.w.org\/{rel}","templated":true}]}}